of 76340 and 9020.
220
What is the highest common divisor of 137519018 and 1578?
526
Calculate the greatest common divisor of 28908485 and 9225.
205
What is the greatest common divisor of 3690 and 5289205?
205
What is the greatest common divisor of 1303 and 198863860?
1303
What is the highest common divisor of 1353035 and 55765?
2935
What is the greatest common factor of 111282378 and 2832?
354
What is the highest common divisor of 4152610 and 20174?
154
Calculate the greatest common factor of 535766 and 11121.
11
What is the greatest common divisor of 197068 and 263492?
76
What is the greatest common factor of 660 and 65117790?
30
Calculate the highest common factor of 3269 and 59739107.
467
Calculate the greatest common divisor of 34207 and 22199.
79
What is the highest common factor of 321 and 16921301?
107
What is the greatest common divisor of 36348 and 365196?
156
What is the highest common factor of 54 and 917249778?
54
Calculate the greatest common factor of 1311 and 2821709.
437
Calculate the highest common divisor of 837 and 23878881.
27
Calculate the highest common divisor of 707805 and 71685.
135
Calculate the highest common divisor of 512 and 16731648.
512
What is the greatest common factor of 904325 and 7747?
61
Calculate the greatest common factor of 4219 and 171903155.
4219
Calculate the highest common divisor of 55238820 and 30.
30
Calculate the highest common divisor of 56057428 and 14.
14
What is the highest common factor of 520 and 14332600?
40
What is the greatest common factor of 4291 and 9497209?
613
Calculate the highest common divisor of 9892138 and 1844.
922
Calculate the highest common divisor of 3440545 and 459533.
2381
What is the highest common divisor of 105996 and 1441836?
1452
Calculate the highest common factor of 19435 and 67482805.
1495
Calculate the greatest common divisor of 28468506 and 1870.
374
Calculate the highest common factor of 1436 and 1614868878.
718
What is the highest common divisor of 104634125 and 40?
5
Calculate the greatest common divisor of 367256664 and 12.
12
What is the highest common divisor of 20977 and 1203317?
1907
What is the highest common factor of 1672215 and 655?
655
Calculate the greatest common factor of 945 and 489755.
35
Calculate the highest common divisor of 62471873 and 333.
37
Calculate the highest common divisor of 1780 and 1300735.
445
Calculate the highest common divisor of 1672 and 93368.
88
What is the greatest common divisor of 570522526 and 7?
7
Calculate the highest common divisor of 5726 and 25998.
14
What is the greatest common divisor of 804 and 60887724?
804
What is the greatest common factor of 42647909 and 93?
31
What is the highest common divisor of 700776475 and 15875?
3175
Calculate the greatest common divisor of 3712 and 1641344.
128
What is the greatest common factor of 840742 and 46207?
1127
What is the greatest common divisor of 1169 and 6243128?
167
Calculate the greatest common divisor of 32832903 and 6429.
6429
Calculate the highest common divisor of 2519629 and 441.
49
What is the highest common divisor of 1561000 and 136?
8
What is the highest common factor of 120356064 and 4320?
864
Calculate the highest common factor of 212 and 334618680.
212
Calculate the highest common divisor of 196 and 1290436.
28
Calculate the highest common factor of 145822347 and 1089.
99
Calculate the greatest common divisor of 6004 and 12559.
19
What is the highest common divisor of 395434921 and 623?
623
Calculate the greatest common divisor of 3890 and 30969068.
778
What is the highest common factor of 85949 and 90463?
61
What is the highest common divisor of 2584 and 32046920?
152
Calculate the greatest common divisor of 1339 and 2124272.
103
Calculate the highest common factor of 562144 and 1911609.
1597
What is the greatest common factor of 2648 and 54817241?
331
Calculate the greatest common factor of 836 and 7196364.
76
What is the greatest common divisor of 12 and 3222093?
3
What is the highest common divisor of 13344785 and 145?
145
Calculate the greatest common factor of 151179 and 6888.
21
What is the greatest common divisor of 253 and 1322013?
11
What is the greatest common factor of 35801683 and 155?
31
Calculate the highest common factor of 67914 and 881892.
198
Calculate the greatest common factor of 798 and 35700924.
798
What is the highest common divisor of 35534 and 2226254?
326
Calculate the highest common divisor of 146264 and 930488.
3112
Calculate the greatest common factor of 7667 and 747553.
41
What is the greatest common factor of 30321 and 15345795?
3369
What is the greatest common factor of 23274 and 3416106?
2586
Calculate the highest common factor of 116420 and 37685.
5
What is the greatest common divisor of 2428381 and 489405?
4661
Calculate the greatest common factor of 2765593 and 3021.
53
What is the highest common divisor of 1431369 and 625017?
471
What is the greatest common factor of 187 and 51953?
11
Calculate the highest common factor of 34 and 1137567325.
17
Calculate the greatest common factor of 202635 and 73605.
15
What is the highest common factor of 2445852 and 144?
12
Calculate the highest common divisor of 10087250 and 500.
250
Calculate the greatest common divisor of 164 and 132668948.
164
What is the highest common factor of 754 and 75893?
29
Calculate the highest common factor of 6821 and 381443962.
6821
What is the highest common factor of 5002 and 86428?
82
Calculate the highest common factor of 48 and 44833584.
48
Calculate the highest common divisor of 25398 and 5478498.
1494
What is the greatest common factor of 220464 and 124128?
144
What is the highest common divisor of 2071641 and 33396?
363
What is the greatest common divisor of 3457998 and 3222?
18
What is the highest common factor of 3162561 and 17?
17
Calculate the greatest common factor of 303501 and 108273.
561
What is the greatest common divisor of 4069 and 177931?
13
Calculate the greatest common divisor of 28348686 and 36.
18
Calculate the greatest common divisor of 1089 and 2145209.
121
Calculate the greatest common factor of 43125038 and 11814.
3938
What is the greatest common divisor of 12675 and 2351050?
325
What is the greatest common factor of 923416 and 204152?
1352
Calculate the highest common divisor of 2917508 and 1952.
244
What is the greatest common divisor of 1035 and 1879905?
345
Calculate the highest common divisor of 567 and 109487.
7
What is the greatest common divisor of 3458 and 208166413?
1729
Calculate the highest common factor of 23214 and 369002006.
7738
What is the greatest common divisor of 7 and 74848256?
7
What is the highest common factor of 427 and 595543?
61
What is the greatest common divisor of 3069 and 8401734?
99
Calculate the highest common factor of 162 and 239504.
2
Calculate the greatest common divisor of 57936 and 385104.
3408
Calculate the greatest common factor of 2850744 and 34008.
312
Calculate the highest common divisor of 200658084 and 66.
66
Calculate the highest common factor of 64 and 2187544.
8
Calculate the highest common divisor of 107811736 and 4448.
1112
What is the highest common factor of 4127641 and 3007?
97
Calculate the greatest common divisor of 72 and 6910352.
8
Calculate the greatest common divisor of 10686083 and 383.
383
Calculate the greatest common factor of 1176 and 77944.
8
Calculate the highest common divisor of 25515 and 6367815.
3645
Calculate the highest common factor of 6920 and 248050.
10
Calculate the greatest common divisor of 2909983 and 874.
437
Calculate the highest common divisor of 21525924 and 1830.
366
Calculate the greatest common divisor of 285143831 and 6874.
3437
Calculate the highest common divisor of 1349 and 336982898.
1349
Calculate the highest common factor of 28932746 and 57856.
226
What is the greatest common divisor of 385923 and 12411?
591
Calculate the greatest common factor of 7908009 and 102.
51
What is the greatest common factor of 1044 and 911772?
36
What is the highest common factor of 145074901 and 30778?
1399
What is the greatest common divisor of 23072 and 426025922?
1442
What is the greatest common divisor of 153068 and 29240?
68
Calculate the highest common divisor of 63 and 566825238.
63
What is the highest common divisor of 1207899 and 27027